 3/6 + (-16557)/(-6). Let l = t + -1225. Is l prime?
False
Let s be (1 - 10/6)/(14/(-126)). Suppose 3*g = s*g - 3147. Is g composite?
False
Let i = 5 + 11. Let u = i - 14. Suppose q = 5*d - 152, u*d + 28 = 3*d - q. Is d a prime number?
True
Let x = 25 + -25. Suppose 2*s + 2*r = -34464, x*s = s + 3*r + 17242. Is s/(-69) - (-4)/3 prime?
True
Let p(n) = -894*n - 14. Let a be p(-4). Suppose 0 = -5*g + i + a, 6*g - 4*i - 3553 = g. Is g a composite number?
True
Let r be 1 - 1 - 4*-2. Let d = r + -3. Suppose 0 = 2*l + 4*h - 786, -d*h = 2*l - 795 + 7. Is l a prime number?
True
Suppose 4*z + 2*z = 24. Is z/((-176)/(-65948)) - (-2)/11 a composite number?
False
Let o(t) = 59*t**2 - 2*t - 11. Suppose -4*i = -5*s - 24, 4*i + 3*s = 5*i - 6. Is o(i) prime?
False
Suppose 13*p = -1331 + 33090. Is p a composite number?
True
Is (1 + -2)*2*12088/(-16) prime?
True
Let y be (7 + -5)/(-1 - 12/(-9)). Is (471/(-2))/((-9)/y) a prime number?
True
Suppose -16 = 4*z, 92 = 4*x - 2*z - z. Let q = x + -17. Suppose -q*t - 134 = -5*t. Is t a prime number?
True
Suppose -3*x = 4*s - 31477, -7*x + 10*x - 4*s = 31445. Is x a composite number?
False
Suppose -3*z + 6*z = 9. Suppose -12 = -z*y - 3*b, -y + b = 4*b. Let w(g) = g**3 - 5*g**2 + 6*g - 5. Is w(y) composite?
False
Let b = 157 - -21084. Is b a prime number?
False
Is -1*(2 + 19002)/(-4) a composite number?
False
Suppose -536 - 762 = -3*g + n, 0 = 4*g + 5*n - 1699. Let i = 698 - g. Is i a composite number?
True
Suppose -2*q = 3*s + 9, 15 = 3*q + q - 5*s. Let f(i) = -i - 14. Let a be f(-13). Is (0 + q + a)*-53 a composite number?
False
Let q(y) = 399*y - 47. Is q(10) a composite number?
False
Let h(o) = -o**3 + o**2 + 2*o - 7. Let x be h(5). Suppose 2*v = 24 - 52. Let u = v - x. Is u composite?
False
Suppose 3*m - 5*m + 10 = 0, -5*m + 9 = -4*q. Suppose 3*s = 4*t - 7539 - 2711, -q*t - s + 10258 = 0. Suppose 13*b - t = 9*b. Is b composite?
False
Is 16/(-20) + 943787/65 a composite number?
False
Let s = 8985 + 13244. Is s composite?
False
Suppose 5*i + 0*r + 52 = -r, -r + 14 = -i. Let q(b) = -b**3 - 13*b**2 + 11*b + 16. Let s be q(i). Let x = s - -600. Is x a composite number?
True
Let a = 44305 - 25016. Is a prime?
True
Suppose 69609 = 17*y - 105712. Is y a prime number?
True
Is (-20)/35 - 33023/(-7) a composite number?
True
Let t = 3894 + 727. Is t a prime number?
True
Suppose -127*x + 129*x = -8, -o + 2*x + 19627 = 0. Is o a prime number?
False
Is 15361 + 0 - (-24 - -26) a prime number?
True
Let d(x) = x**3 + 67*x**2 + 55*x + 95. Is d(-66) composite?
False
Let z be 1/(3/4 - 119/68). Is 638 - 5 - (-1 + z) a composite number?
True
Let v(y) = 21*y**2 - 6*y - 5. Suppose -3*h = -12 - 3. Let c be v(h). Suppose -c = -5*d - 95. Is d prime?
True
Suppose 0 = 2*v + v - 38451. Is v prime?
False
Let j(w) = -3*w + 17. Let m be j(6). Is 2 - m - (-179 + 1) prime?
True
Let h(z) = 2*z**2 + 17*z - 76. Is h(17) a prime number?
False
Suppose -28 = -4*b + 2*b. Is 4/b + (-81)/(-42)*18 composite?
True
Let f(i) = -89*i**3 - 5*i**2 - 6*i - 11. Is f(-6) a prime number?
True
Is 719/(-4 + (-2 - -7)) a prime number?
True
Let m be ((-16)/(-3))/(5 - (-334)/(-66)). Let q = 219 + m. Is q a prime number?
True
Suppose -b + 40339 = 3*k, -3*b + 3*k = -k - 121069. Is b prime?
True
Let z = 111 - -270. Let x = -1 + 3. Suppose 3*r - x*r - z = 0. Is r prime?
False
Let b = -5713 - -8546. Is b a prime number?
True
Let t(m) = 13*m**3 - m**2 + 2*m + 7. Let l be t(3). Suppose 2*b - 25 = 27. Suppose -3*n + l + b = 0. Is n a prime number?
True
Let a(g) = 10910*g - 9. Is a(1) prime?
False
Suppose 0 = 113*u - 107*u - 13998. Is u prime?
True
Let q be 28/(-3) + (-145)/87. Let u(x) = -45*x - 16. Is u(q) prime?
True
Suppose 5*z = 3*z + 8. Suppose z*u = -4*n + 1664, 5*n + 126 = u - 260. Is u a composite number?
True
Suppose b = 4 + 17. Let u be ((-45)/3 + -4)*b. Let j = -160 - u. Is j prime?
True
Let r be (-3770)/(-2) + 0 + 1. Suppose -1892 - 7227 = 11*v. Let n = r + v. Is n a composite number?
True
Let q(n) = -n**3 + 6*n**2 + 3*n - 12. Let h(w) = -3*w - 6. Let y be h(-7). Let p be q(y). Let x = 3031 + p. Is x prime?
True
Suppose -2*b - 7 = 2*m - 23, -5*m + 34 = 3*b. Let l(z) be the second derivative of 5*z**4/12 - 2*z**3/3 + z**2 + 2*z. Is l(b) a composite number?
True
Suppose 6*i = i + 4*p + 8361, -3*i + 4*p + 5023 = 0. Is i a prime number?
True
Suppose -y = -5, 0 = 4*t + 2*y + 2*y - 40. Suppose -2*c = 3*c + 2*n - 4891, 0 = 4*c - t*n - 3926. Is c prime?
False
Let x(l) = -2*l**3 + 7*l**2 + 123*l + 5. Is x(-11) composite?
False
Suppose 0 = -s - 2 + 12. Let m be 10830/(-8) - s/40. Is (4 - 3)/((-2)/m) prime?
True
Let p be (-1 + (-4)/1)*4/(-10). Suppose -5*g + 73 + p = 0. Is g a prime number?
False
Let b = -38 + 47. Let p(t) = 5*t**2 + 6*t - 22. Is p(b) composite?
True
Let g(a) = a**3 - 11 + 5*a + 2*a + 17*a**2 - a. Let n be -5 - -6*14/(-21). Is g(n) composite?
True
Let l(i) = 199*i**2 + 13*i + 85. Is l(6) prime?
False
Suppose -4*r + 62900 = 4*c, 2*c + 78645 = 5*r - 3*c. Is r composite?
False
Let s = -78 + 208. Suppose -2*y + 2196 = -s. Is y a prime number?
True
Suppose 7 = 3*l - 5, 5*d + 3*l = 32. Suppose d*v - v = 711. Suppose -5*b = -8*b + v. Is b a prime number?
True
Let r(n) = -n**2 + n + 2. Let d be r(0). Suppose -812 = -d*y + 86. Is y a composite number?
False
Let l(k) = 275*k**2 - 10*k - 49. Is l(-4) a prime number?
True
Suppose -5*s - 2*d + 256 = 0, 5*d = s + 2*s - 166. Is -4*13*(-559)/s a prime number?
False
Suppose 10 = 2*q - 4*q. Let s be (-12)/q*25/10. Is (-315)/(-2) - s/12 prime?
True
Let i(n) be the first derivative of n**3 - 11*n**2/2 + n + 2. Suppose 0 = -9*u + 55 + 35. Is i(u) a composite number?
False
Let g be (2/(-8))/(446068/(-148688) - -3). Let j = -5014 + g. Is j a composite number?
True
Let s = 16 - 5. Let y = s - -14. Is y a composite number?
True
Suppose -3*u + 527 = f, -4*u - 15 = 4*f - 707. Is u a composite number?
True
Let r be (6/4)/((-3)/(-12)) - 1. Suppose -r*c + 1943 = -1892. Is c composite?
True
Is (12/18 + 45064/48)*4 composite?
True
Suppose -l + 9*l - 352 = 0. Suppose l*r = 39*r + 9505. Is r composite?
False
Suppose 17 = h + 2. Let m = -13 + h. Suppose -4*t - x - m*x = -845, -3*x = -5*t + 1036. Is t a prime number?
False
Let m(n) = -176*n + 4. Let b be m(-7). Let j(x) = -2*x**3 - 23*x**2 - 4*x + 43. Let a be j(-16). Suppose 7*c = b + a. Is c prime?
True
Let n be (-769)/(-7) + 3/21. Let t = n + 51. Let q = t + -64. Is q prime?
True
Suppose 2*d + 14 - 12 = 0. Let o = -3 - d. Is 0 + (o - 1351)/(-3) a prime number?
False
Suppose -3*u = -2*i - 23, -4*i - 26 = -5*u + 15. Let o be 2/u + 8972/20. Let j = 218 + o. Is j composite?
True
Let b = 46 - 41. Suppose -3*j + 3*v = -1104, b*j = -0*j - 3*v + 1864. Is j prime?
False
Suppose 7*c = 11616 + 16153. Is c a composite number?
False
Let s = -724 - -2205. Is s a prime number?
True
Suppose 0 = -4*v - 3*f + 35, 30 = 3*v + 2*f + f. Suppose -4*z + 5*d + 32 = 0, -d + v*d = -3*z - 7. Is (432/2)/z + -3 a prime number?
False
Suppose 3*u + u - 30 = s, -5*s - 5*u = 75. Let d(n) = -n**2 - 22*n - 10. Let v be d(s). Suppose -v = 3*f - 5*f. Is f composite?
False
Suppose -180*j + 298837 = -169*j. Is j a composite number?
True
Suppose 9*r + 7360 = r. Let h(w) = 83*w**3 + w**2 - w + 1. Let m be h(-2). Let l = m - r. Is l prime?
True
Let l = -39 - -41. Is -3 + (l*(-241)/(-2) - 3) a prime number?
False
Let g be (-6 - -2)*(-4)/8 - -3. Suppose 5*k + 2174 = 3*c, 125 = c - g*k - 583. Is c composite?
False
Let d = 69364 - 48107. Is d composite?
True
Is (2/5)/(106/13596355) a composite number?
False
Suppose 4*j + 522 = -5*o, 2*j = -5*o + 115 - 631. Is ((-26)/6)/(2/o) a composite number?
True
Let q(s) = -s**3 + 10*s**2 - 8*s - 5. Let h be q(9). Suppose h*b - 10 = 2*b, -b = -m - 66. Let j = m + 114. Is j a composite number?
False
Let h be 44/16*(5/(-1) + 1). Let z = h - -48. Is z a prime number?
True
Suppose -2*v + 6*v + 2*r + 242 = 0, 2*r = -5*v - 302. Let n = v - -119. Is n a composite number?
False
Let t = -1 - -3. Let i be (-49)/(-2)*(2 + t). Suppose -56 - i = -2*x. Is x a composite number?
True
Let x(o) = -3*o - 2. Let n be x(-1). Is 1 + 4 + n + 551 composite?
False
Let y(w) = 3*w**2 + 7*w - 2. Let x(j) = 4*j**2 + 8*j - 3. Let u(d) = 4*x(d) - 5*y(d). Let b be u(-2). Suppose -b*m + 3*m + 35 = 0. Is m prime?
True
Is 16/(-4) + 4/((-4